(t) = p(t) + z(t). Suppose -12*d + 28 + 32 = 0. Give c(d).
-3
Let t(u) = -17*u - 13. Let p(n) = 6*n. Let z(l) = 3*p(l) + t(l). Determine z(6).
-7
Let p(v) = -v**2 - 14*v + 8. Let d = -156 - -165. Let a(q) = q**2 - 3*q - 69. Let f be a(d). Calculate p(f).
-7
Let a(k) = -2*k + 36. Suppose -117*o = -8*o + 104 - 649. Calculate a(o).
26
Let v = 1438 - 1438. Let y(n) be the second derivative of v - 15*n + 1/2*n**2 - 1/12*n**4 + n**3. Calculate y(7).
-6
Let l(c) = -10*c + 8. Let u(b) = 2*b. Let m(w) = -4*w - 2. Let j(g) = m(g) + 3*u(g). Let q(r) = -18*j(r) - 4*l(r). Calculate q(-2).
-4
Let h(v) = 2*v**2 - 4*v - 3. Let w be h(3). Let a be (-3)/((-15)/5) - (-2 + w). Suppose 10*f = -a*f. Let k(p) = p**3 - 3. Calculate k(f).
-3
Let g(s) = -4*s. Suppose 0 = -j + 3*k + k - 6, k + 30 = -2*j. Let r = j - -18. Suppose r*z - 2 = 6. Give g(z).
-8
Let v(c) = c**2 - c + 4. Let i(x) be the third derivative of x**5/10 + x**4/12 + 7*x**3/3 - 2*x**2 + 24*x. Let w(b) = i(b) - 4*v(b). What is w(-3)?
-2
Let w(r) = 8*r**3 + r**2 - 35*r - 3. Let m(z) = 3*z**3 - 13*z - 1. Let x(b) = 11*m(b) - 4*w(b). Determine x(4).
-11
Let n(z) = 5 + 131194*z**2 - 131200*z**2 - 2*z - 2*z. Give n(1).
-5
Let k(y) be the second derivative of -y**6/360 + 8*y**3/3 + 2*y**2 + 238*y. Let j(r) be the second derivative of k(r). Determine j(0).
0
Let t(r) = -11*r**2 - 5*r + 1. Let h(l) = 31*l**2 + 14*l - 3. Let q(c) = 4*c - 95. Let v be q(28). Let f(p) = v*t(p) + 6*h(p). What is f(-2)?
-3
Suppose -k + 5*c = 3*k - 5, 3*k + 5*c = 30. Let a(v) = -8 - 68*v + 67*v + k. What is a(-7)?
4
Let q(r) be the second derivative of -r**5/20 - 7*r**4/12 + 3*r**2/2 + r. Suppose -2*m = 2*z + 2*z + 40, -z - 4*m - 31 = 0. What is q(z)?
3
Let v(i) be the third derivative of 7/3*i**3 - 1/120*i**6 + 3/20*i**5 + 1/3*i**4 - 11*i**2 - 6 + 0*i. Determine v(10).
-6
Suppose 5*c - 55 = 4*z + 4, 4*z + 4 = 0. Let x(n) = c + 4 - 6 + 13 + n. Let l be 5 + -9 - (-6 - 1 - -3). Give x(l).
22
Let w(j) be the first derivative of j**2 + 29*j - 513. What is w(-15)?
-1
Let a(p) be the second derivative of 11*p - 1/3*p**3 - p**2 - 3. Suppose 3 = -z + 1. Determine a(z).
2
Let w(u) be the second derivative of -u**4/12 - 7*u**3/2 + 59*u**2/2 - 1650*u. What is w(-22)?
37
Let p be (((-33)/44)/((-2)/8))/(10/(-20)). Let m(f) = -f**2 - 12*f + 6. Calculate m(p).
42
Let s(j) = j - 14. Suppose 0 = -534*f + 509*f + 300. Determine s(f).
-2
Let z = 14021 - 14009. Let t(l) = l**3 - 11*l**2 - 9*l - 44. Determine t(z).
-8
Let n(v) = v**3 - 17*v**2 + 6*v**2 - 6*v**2 + 96546*v + 36 - 96565*v. What is n(18)?
18
Suppose 3*x + 6 = -9, -2*x - 5 = -t. Let g be (((-63)/(-6))/(-7))/((-12)/16). Let v(o) = -11*o - 64 - o**g + 57 + 4*o. Calculate v(t).
3
Suppose -24*o + 5 = 29. Let z(g) = 5*g - 2. Let u(i) = i + 1. Let q(y) = o*z(y) + 6*u(y). Determine q(7).
15
Suppose 29*n - 34*n - 30 = 0, 0 = 3*r + 5*n + 87. Let i(m) = m**3 + 20*m**2 + 22*m + 60. Determine i(r).
3
Let o(q) be the first derivative of -q**2/2 + 17*q + 1736. Calculate o(7).
10
Let q(l) be the second derivative of -l**4/12 - 8*l**3/3 + 17*l**2/2 - 9821*l. Calculate q(-10).
77
Let y(w) = 25*w**2 - 5*w + 25. Let u(t) = 54*t**2 - 10*t + 54. Let q(i) = 6*u(i) - 13*y(i). Give q(8).
-25
Let s(z) = z**2 + 22*z + 23. Let j be s(-21). Suppose 0 = 4*t - j*h - 4, 7*t + 5*h = 3*t - 10. Let q(n) = -n**2 + 13. Give q(t).
13
Let a(x) = x**2 - 4*x - 5. Let z(i) = -4*i - 2. Let m be z(2). Let t(r) = 2*r + 172 - 333 - 4*r + r + 156. Let v be t(m). Calculate a(v).
0
Let r be (189/42 - 2)/(5/18). Let c(k) = -k**3 + 8*k**2 + 3*k + 4. Determine c(r).
-50
Let w(x) = -1737*x + 742*x + 996*x - x**2 + 40*x**3 - 1. What is w(1)?
39
Suppose x = 115*f - 118*f + 1, 0 = 4*f + 3*x - 8. Let l(t) = -7*t**2 - 2*t + 1. Give l(f).
-4
Let v(k) = 3*k + 25. Let p(g) = -63 - 9*g - 7 + 2*g + 15. Let x(q) = 4*p(q) + 9*v(q). Give x(8).
-3
Let d(q) = q**3 + 5*q**2 + 2*q + 3. Suppose -16*g = -22*g - 168. Let t be (g/42)/((-1)/(-3)). Let i be t/1 - (-24)/(-12). Calculate d(i).
11
Let j(s) = 2*s + 9. Let w(a) = -a + 3. Let p(r) = -j(r) - 3*w(r). Calculate p(12).
-6
Let z(l) = 7966*l - 2 - 3975*l - 3982*l + 13 - l**2. Let v be (-17)/(-1 - (-1 + -1)). Let w = v + 27. What is z(w)?
1
Suppose -38*z - 559 = -65. Let j be (-114)/(-15) + z/((-65)/2). Let t(b) = -b**2 + 9*b - 1. Determine t(j).
7
Let k = 101 + -98. Let z(j) = -3*j**3 + 8*j**k + 1 - j**3 - j + 0*j**3. What is z(1)?
4
Let r(d) = -d + 5 + 9 - 11 + 6 + 9. Give r(1).
17
Let k(u) be the second derivative of u**4/6 + 17*u**3/6 + 29*u**2/2 - 888*u. Give k(-4).
-7
Let j(u) = -3 + 11596*u - 11615*u - 74 - u**2. Calculate j(-8).
11
Let x(f) = -8 + 1 + 8*f + f**2 - 2*f**2 + 8. Let o = 8493 + -8483. Determine x(o).
-19
Let c(m) = 0*m + 172 - 12*m + 20 + 109. What is c(25)?
1
Let j(z) = 261 + 274 - 577 + 2*z**2 - 3*z + 12*z. Calculate j(-7).
-7
Let w(q) = 44*q**2 - 33*q - 101*q**2 - 7 - 51*q + 62*q**2. What is w(17)?
10
Let p(d) = d**2 - 4*d - 1. Let t = 58 + -58. Suppose 2*l - 7 - 9 = t. Suppose 14*b = l*b + 30. Calculate p(b).
4
Let l(p) = 3*p**3 + 9*p**2 - 7*p - 25. Let c(m) = -5*m**3 - 10*m**2 + 10*m + 26. Let x(v) = -2*c(v) - 3*l(v). What is x(6)?
-7
Let g be (3/4 - 0)/(111/296). Let r be (g*2/1)/(-5 - -6). Let d(z) = -z**3 + 6*z**2 - 5*z + 5. Give d(r).
17
Let d(r) be the first derivative of -2*r**3/3 + 3*r**2/2 + 4*r - 1. Suppose 5*m + 5*k - 55 = 0, 5*m + 3*k - 488 = -449. Calculate d(m).
-5
Suppose -2*w + 18 = 33 - 19. Let t(p) be the second derivative of p**w - 2/3*p**4 + 3*p + 3/2*p**3 - 1/20*p**5 - 7. Determine t(-9).
2
Let d be (2 + (-10)/3)*(-102)/17. Suppose -10 = -3*i + d. Suppose -i*y + y + 5 = 0. Let l(s) = s. What is l(y)?
1
Let y(a) = -13*a**3 + a - 2. Let m = 20797 - 20796. Calculate y(m).
-14
Let b(h) = h**3 + 26*h**2 - 117*h - 871. Let n be b(-29). Let t(r) = 8*r**2 + 14*r - 1. Determine t(n).
-7
Let m = -24847 - -24851. Let o(q) = q**2 - 40*q + 145. Calculate o(m).
1
Let f(p) = 2*p**3 + 3*p**2 - 4*p - 1. Let w be 2/(-2*(-6)/18). Suppose -71*q = -72*q - w. Calculate f(q).
-16
Let t(n) = n**2 + 3*n - 10. Let k(p) = 21*p - 879. Let w be k(42). Give t(w).
8
Let g(r) = r**2 + 2*r - 33. Let b be g(5). Let c(m) = 6*m**2 + 4*m - 47. Let w(v) = -v**2 - v + 9. Let l(o) = b*c(o) + 11*w(o). Give l(2).
3
Let c be 2/5 + 32/(-5). Let j(u) = 45*u**2 - 150*u + 24. Let r(d) = -32*d**2 + 108*d - 16. Let y(h) = -5*j(h) - 7*r(h). What is y(c)?
-8
Let u(c) = c + 6. Let p(d) = 9*d - 33. Suppose 23*x + 12 = 26*x. Let q be p(x). Suppose q*v - 6 = 3*g - 3, -5*g - 5 = 3*v. Calculate u(v).
6
Let u(h) = -31*h + 129. Let k(v) = 128*v - 531. Let n(c) = -6*k(c) - 25*u(c). Calculate n(5).
-4
Let a(x) be the third derivative of -4 - 3/2*x**3 - 2*x**2 - 7/60*x**5 + 7/24*x**4 + 0*x + 1/120*x**6. Calculate a(6).
-3
Let w(p) = 8*p**2 - 11*p - 23. Let q(r) = -3*r**2 + 6*r + 12. Let v(a) = 5*q(a) + 2*w(a). What is v(7)?
119
Let t(o) = -15*o**2 + 1 - 1. Let w be ((-565)/(-15) + -1)*6/(-5). Let r be (-84)/147 + w/(-28). Determine t(r).
-15
Let w(v) = 4*v**2 - 1. Let o be w(-1). Let x(s) = -o - 13*s**2 + 6 + 2 - s**3 + s**2 - 4*s + 17*s**2. Let y(a) = -a**2 + 8*a - 8. Let d be y(6). Give x(d).
5
Let s(n) be the third derivative of 27*n**2 - 2*n - 3/2*n**3 + 0 - 1/12*n**4. Calculate s(-6).
3
Let l(z) = 2*z**3 - 4*z**2 - 6*z + 5. Let f(u) = -u**3 - u**2. Let q be (0/(-11))/(1 + -2). Suppose 2 + q = -2*c. Let k(x) = c*l(x) - 3*f(x). What is k(-6)?
-5
Let l(u) = 25*u**2 + 121*u - 6. Let n be 15 + 17/((-238)/280). Calculate l(n).
14
Let q(g) = -g**2 - 16*g - 44. Suppose 3*o + 34 = -2*m, 2*o + 3*m - 15 = 3*o. What is q(o)?
4
Let k(f) = -132*f + 215*f - 1 - 84*f. Suppose -15*l + 12*l - 18 = 0. Give k(l).
5
Let c(z) = -z**3 + 4*z**2 + 3*z + 7. Let d(s) = 4*s + 14. Let p(u) = 2*u - 1. Let j(l) = -d(l) - p(l). Let y be j(-3). What is c(y)?
-3
Suppose 0 = y + 16*l - 12*l + 4, -58 = -3*y + 2*l. Suppose 0 = -4*m + 2*d - 4, 0 = 4*m - 8*m + 5*d - y. Let s(c) = -5*c. Determine s(m).
-5
Let x(g) = 3*g**3 + 2*g + 2. Let d(s) = -s**3 + 18*s**2 + 18*s + 19. Let q = -95 + 114. Let c be d(q). Suppose 21*u - 28*u - 14 = c. Calculate x(u).
-26
Let b(q) be the second derivative of -q**4/12 - 2*q**3 + 47*q**2/2 - 5817*q. Give b(-14).
19
Let i(n) = 4*n**2 + 4*n - 1. Let l(c) = 21*c**2 + 19*c - 7. Let p(k) = -11*i(k) + 2*l(k). Give p(-4).
-11
Let k(